2 - 6*o. Determine a(-1).
-2
Let n(i) = i**2 + 8*i - 9. Let g(d) = 5*d - 28. Let p be g(4). Give n(p).
-9
Let f(x) = x**3 + x**2 + 5. Suppose 0*w = w - 9. Suppose 5*n + 12 = 3*d, 2*d = 4*n + w - 1. Determine f(n).
5
Suppose 16 = -q + 5*q, y = 4*q - 11. Let g(c) = -c**3 + 5*c**2 - 4*c + 5. Determine g(y).
-15
Let v(u) = u**2 + 2*u - 1. Let j(l) = l**2 + 7*l + 4. Let i be j(-6). Calculate v(i).
-1
Let r(f) = f**2 + 4*f + 2. Suppose j - 8 = -2*x - j, -3*x = j - 14. Suppose 0 = -2*b - x - 3. Calculate r(b).
2
Let u(h) = -h**3 - 2*h**2 + h + 2. Let j(q) = 3*q - 2. Let v be j(6). Let t be (1/2)/((-4)/v). What is u(t)?
0
Let o(h) be the third derivative of -1/60*h**5 + h**3 + 0 + 0*h - 1/8*h**4 + 3*h**2. Let y be 2/((6/5)/(-3)). What is o(y)?
-4
Let o(a) be the third derivative of a**6/120 - a**5/120 + a**4/12 + 4*a**2. Let x(l) be the second derivative of o(l). Let v = 0 - -2. Determine x(v).
11
Suppose 2*l - 6 + 3 = z, -4*l + 21 = z. Let b = z - 5. Let h(r) = -r + 4. Determine h(b).
4
Let d(m) = 117 - 2*m**2 - 117 + m + m**3. Give d(3).
12
Suppose -2*x - 4*k = -6, x - 4*x - 3*k = -9. Let l(m) = 1 - m**2 + 2*m**3 - m**x + 0*m**2. Calculate l(2).
5
Let p(r) be the third derivative of r**5/60 - r**4/24 - 4*r**3/3 + 6*r**2. Determine p(0).
-8
Let b(v) = -v. Suppose 0 = -3*h + 1 + 8. Suppose 2*q - 8 = 3*s + 8, 0 = h*s + 12. Give b(q).
-2
Let i(j) be the third derivative of -j**6/120 - j**5/30 + j**4/8 - 5*j**2. Calculate i(2).
-10
Let o(p) = p**3 + 2*p**2 - p + 1. Let j = -33 - -30. Give o(j).
-5
Suppose 2*x - 2*j = 12, 4*j + 15 = 5*x - 12. Let k(q) = -q - q**3 - 58*q**2 + 2*q**x + 57*q**2. Determine k(-2).
-10
Let y(o) be the second derivative of -o**3/3 - o**2 - 3*o. Let z = -5 - -3. Give y(z).
2
Suppose 4*g + 3*x + 37 = -g, -g - 3*x = 5. Let y = 14 + g. Let a(w) = -w + 4. What is a(y)?
-2
Let f(a) = -2*a + 2. Suppose 24 = -2*d + 30. Calculate f(d).
-4
Suppose 0*q + 2 = q. Let d be (-5 + q)*(-2)/(-3). Let y(m) = m - 1. Determine y(d).
-3
Let d(k) be the first derivative of -k**5/60 - k**4/8 - 2*k**3/3 + 2. Let h(g) be the third derivative of d(g). Determine h(-4).
5
Let u(m) = -m**3 + 2*m**2 - 3. Let a(f) = f**2 + 4*f - 2. Let i = 2 - 7. Let c be a(i). Calculate u(c).
-12
Let x(a) = 3*a - 3. Let b be ((-4)/(-6))/((-12)/(-36)). Calculate x(b).
3
Let t(z) = z. Let m(j) = 5*j**2 + 5 - 4*j + j**3 + 3*j + 6*j. Let k be m(-4). Suppose 5*q + 30 = 5*g, 0 = 2*q - 5*g + 26 + k. Give t(q).
-1
Let m(x) = x**3 - 5*x**2 + 2*x - 5. Suppose 0 = -3*k - 0*k + 9. Suppose -5*u + 4*h - 6 = -4*u, 0 = -3*u + k*h. Suppose 12 = 2*l + u. Calculate m(l).
5
Let a(v) = 6*v. Let l(u) = 7*u - 1. Let z(f) = 4*a(f) - 3*l(f). Suppose 4*b - 48 = -12. Suppose 2*k = -k - b. Give z(k).
-6
Suppose 0 = -3*f - g + 1, -1 = -5*f + g - 10. Let j(y) = 3*y - 3. Let a be j(2). Let v(p) = -4 + 4 + 6*p**a - 2*p**3 + 1 - 2*p**2. Determine v(f).
-5
Let m(c) = -c**2 + 1. Let l(g) = -4*g**2 + 5*g. Let y(b) = l(b) - 3*m(b). Suppose 0 = -2*n - d + 11, -10*n + 14*n - d - 7 = 0. Give y(n).
3
Suppose 3*o = 2*g + 5, o = -5*g + 21 + 9. Let c(u) = u - 1. Let l(z) = -z**3 + 5*z**2 - 2*z + 6. Let f(k) = 3*c(k) + l(k). Give f(g).
8
Let q(p) be the second derivative of p**5/20 - p**4/4 - p**3/2 - 6*p. Determine q(4).
4
Suppose -4*o - 32 = -3*i - i, -5*i - 2*o = -12. Suppose p - i*p = 0. Let x(z) = 1 - 4 + 0*z**3 - z + z**3. Calculate x(p).
-3
Let t(v) be the second derivative of 0*v**2 + 5*v + 0 + 1/6*v**3. Calculate t(2).
2
Let v(h) = -h**3 - 10*h**2 + 14*h - 3. Let t(s) = -s - 1. Let y(b) = 4*t(b) + v(b). Determine y(-11).
4
Let v(i) = i**3 - 2. Let g be 8 - (1 - (-2)/2). Let b be (-1)/6 - (-13)/g. Determine v(b).
6
Let y(t) be the first derivative of 0*t**2 + t**3 + 1/24*t**4 + 0*t + 1 - 1/20*t**5. Let x(j) be the third derivative of y(j). Determine x(1).
-5
Let l(k) = -k**3 + 6*k**2 + 7*k + 9. Let s be l(7). Let d(f) = -s*f + 0 + 3*f - f**2 - 9. Determine d(-6).
-9
Let n(i) = 4*i - 6. Let w(g) = -3*g + 6. Suppose 3*z = -2*o + 16, -2*z + 8 = 4*o - 8. Let m(b) = z*n(b) + 5*w(b). Determine m(-5).
1
Let n(j) = -j**3 - 2*j**2 - 2*j + 1. Let l(t) = 3*t + 6. Let w be l(-3). Calculate n(w).
16
Let h(z) = -z**3 + 5*z**2 + 7*z - 1. Let m be h(6). Suppose 2*b - 6 = 4. Let q(t) = 4 - b - 5 - t + 3*t. Calculate q(m).
4
Let k(p) be the second derivative of p**4/12 + 3*p**3/2 - 4*p**2 + 10*p. Give k(-10).
2
Let y(r) be the second derivative of -3/2*r**3 + 1/12*r**4 - 6*r + 4*r**2 + 0. Determine y(6).
-10
Let q(t) = t - 1. Let x(c) = 4*c**2 + 4*c - 1. Suppose 5*j - j = 4. Let v(o) = j*x(o) - 2*q(o). Determine v(-1).
3
Let x(j) = j**2 + 7*j + 4. Suppose 0 = -3*w - 5*u + 5, -3*u - 16 = -7*u. Determine x(w).
-6
Let m(c) = -c**3 + 5*c**2 + c - 1. Suppose 0 = 5*s + o - 22, -3*s + 12 = -2*s + 4*o. What is m(s)?
19
Let a(z) = -2*z + 1. Let u(w) = -w**3 + 9*w**2 + 8*w + 2. Let t be u(10). Let j be (-12)/t - (-16)/(-6). Give a(j).
5
Suppose 5*c = 4*c + 1. Let u(j) = 2*j**2. What is u(c)?
2
Let w(u) = 10*u - u**2 - 5*u**2 - 2*u + 9 + 7*u**2. Calculate w(-7).
2
Let s = 4 + -2. Let h = 4 + -3. Let u(z) = 1 - h - 2*z**2. Calculate u(s).
-8
Let s = 8 + -4. Let n(y) = 6 + s*y + 2*y - 4*y**2 - 3*y**3 + 2*y**3. Suppose -11 - 20 = 3*x - 4*u, 4*u - 21 = x. What is n(x)?
1
Let n(o) = -o**2 - 5*o - 3. Let x be n(-3). Let v be (0 - 3)*5/x. Let c(a) = -3*a - 5. Give c(v).
10
Let w be (9 - 0/2) + -3. Let b(d) = 1 + 3*d + w - 2*d. Give b(0).
7
Let r(f) be the first derivative of f**4/4 - 2*f**3/3 - 2*f - 1. Let o = 5 + -2. Let g = 0 + o. Calculate r(g).
7
Let l = 15 + -10. Let d(o) = o**2 + 8*o + 2. Let x be d(-8). Let t(p) = -6*p + 2*p - 5 + 2*p - p**2 + 2*p**x. What is t(l)?
10
Let u = 0 - 1. Let v(n) = -44*n. Let i(m) = 5*m. Let a(k) = -28*i(k) - 3*v(k). What is a(u)?
8
Let q(k) = -6*k**3 + 2*k - 1. Let m be (1 - 0)*(1 - 0). Give q(m).
-5
Let i = -2 + 5. Let y(c) = -3*c**2 + 2 + c - 5*c + 3*c + c**i. Let u be (-1 - -2)*(5 - 2). What is y(u)?
-1
Let v(p) = p**3 + 3*p**2 - 3*p + 3. Let o(t) = 2*t - 18. Let x be o(7). What is v(x)?
-1
Let z(m) = -m**2 + m. Let v be z(1). Let w(g) = -2 + 2 - 3*g - 7 + g**2 + v*g**2. Let h be 6 + 2/(-2*1). Calculate w(h).
3
Let z(a) be the second derivative of -a**7/840 + a**6/360 + a**5/120 + a**4/24 - 2*a**3/3 + a. Let c(p) be the second derivative of z(p). Calculate c(2).
-1
Let t(s) be the third derivative of s**5/30 + 5*s**4/24 + s**3/2 - 3*s**2 - 4*s. What is t(-3)?
6
Let l(g) = g**2 - g - 7. Let k(v) = -v**2. Suppose -3 = 2*w + 1. Let u = w - -3. Let f(a) = u*l(a) + 2*k(a). What is f(0)?
-7
Let n be (-6)/9 - 16/3. Let r(m) = -m**3 - 6*m**2 + m - 3. What is r(n)?
-9
Suppose -4*z = -b - 11, -4*b + z - 6 = 4*z. Let h(j) = j - 21. Let c(u) = 5. Let a(g) = -9*c(g) - 2*h(g). Give a(b).
3
Let y(d) be the second derivative of -1/4*d**4 + 0*d**2 + 0*d**3 + 2*d + 1/20*d**5 + 0. Calculate y(3).
0
Let q(x) = x - 8. Let z(n) = -4*n + 5 + 4 + 3*n. Let b(m) = 5*q(m) + 4*z(m). Suppose 12 = 2*h + h. What is b(h)?
0
Let s(r) = -r + 3. Let c be 38/(-6) - 12/18. Calculate s(c).
10
Let d(z) be the third derivative of 0*z + 1/24*z**4 + 0 + 5*z**2 + 1/120*z**6 - 2*z**3 - 1/60*z**5. Give d(0).
-12
Let x(f) = -f. Let a(z) = 2*z - 6. Let r(c) = a(c) + 4*x(c). Give r(-6).
6
Let w(m) be the third derivative of 0 - 1/6*m**3 + 0*m**4 - 1/30*m**5 + 0*m - 3*m**2. Calculate w(-1).
-3
Let b(q) = -2*q - 3. Suppose 0 = p - 2*p - 3, -2*p = -4*d + 54. Suppose -d + 0 = 4*s. Determine b(s).
3
Let x(r) = 40*r - 41*r + 13*r**3 - r**3. Calculate x(-1).
-11
Let k(a) = a**3 - 7*a**2 + 6*a + 2. Let c be k(6). Suppose 0*w = -c*w - 10. Let x(h) = -2*h - 6. Determine x(w).
4
Let d(o) be the first derivative of o**3 - o**2/2 + o + 2. Let x(a) be the first derivative of d(a). Calculate x(1).
5
Suppose x + 5*t - 28 = 0, 5*t - 28 = 2*x - 9. Let p(r) = r**2 + 5*r**x - 4*r**3 - 4*r - r + 3*r**2. What is p(-5)?
0
Let g(r) = -4*r**2 - r - 3*r + 3 + 3*r**2 + 0. Calculate g(-4).
3
Let r(t) be the first derivative of 2/3*t**3 + 1 + 3*t + 3/2*t**2. Suppose -2*f + 3 = 7. Give r(f).
5
Let n = 40 - 36. Let b(c) = -c**3 + 5*c**2 - 2*c. Determine b(n).
8
Let l(d) = -2 - 4*d - 3 + 3*d. Let j(x) = -4*x - 1 + 4*x + x**2. Let z be j(1). What is l(z)?
-5
Suppose 5*f + 31 = -4. Let d(u) = 48*u**2 - 46*u**2 - 4 + 1 + u. Let a(g) = 3*g**2 + 2*g - 7. Let q(n) = f*d(n) + 3*a(n). Cal